ime factors of a(-6).
5, 17
Let j(s) be the second derivative of -5*s**3/6 + 51*s**2/2 + 9*s + 2. Suppose -6*y - 75 = -3*y. What are the prime factors of j(y)?
2, 11
List the prime factors of 2 + -6 + 14385 + -1*(-3)/(-3).
2, 5, 719
Suppose 19*v - 6 = 16*v. Suppose 2*d = 2*s + 260, -6*d + 268 = -4*d - 4*s. Suppose -v*u - 2*u - 4*a + 488 = 0, 2*a - d = -u. What are the prime factors of u?
2, 59
Let k be (-2)/(3/(-5)*(-150)/45). Suppose w - 5 = -0*w. List the prime factors of (-1732)/20*k - (-2)/w.
3, 29
Let l = 7566 - -6783. What are the prime factors of l?
3, 4783
Let b(t) = 18*t + 22 + 28 + t**2 - 14. Let i be b(-16). Suppose g - 17 - i = 0. List the prime factors of g.
3, 7
Let j(v) = -2*v - 10. Let m be j(-5). Suppose -4*l = -6*l - 3*a + 631, 3*l + 2*a - 954 = m. What are the prime factors of l?
2, 5
Suppose -k + 4096 + 4359 = 0. Suppose -k = -6*d - 13*d. List the prime factors of d.
5, 89
Let a(d) = -2*d**2 + 8*d + 2. Let b be ((-10)/25)/(4/(-40)). Let p be a(b). Suppose -p*k = 21 - 77. List the prime factors of k.
2, 7
Suppose -20*w + 37523 + 24737 = 0. List the prime factors of w.
11, 283
Let o(q) be the third derivative of 29*q**4/24 + 4*q**3/3 - q**2. Let h = -32 - -34. List the prime factors of o(h).
2, 3, 11
Let l be 106/53 + (-1 - -1). Suppose -2237 = -5*y + z, 0 = y - l*z - 221 - 230. List the prime factors of y.
3, 149
Suppose 0 = -16*t - 6 - 26. Let b(y) = 88*y**2 + 5*y + 5. What are the prime factors of b(t)?
347
Suppose -2*p + 5*c = -20, -2*c + 64 = -3*p + 7*p. Suppose -p*m + 10*m - 310 = 0. Let j = m - -73. List the prime factors of j.
11
Let k = -1538 + 3642. Suppose 596 - k = -2*b. What are the prime factors of b?
2, 13, 29
Suppose k = 2*n + 18832, -4*n = 32*k - 27*k - 94160. List the prime factors of k.
2, 11, 107
Let z = 52 - 44. Suppose -3 = -11*p + z*p. Suppose 4*b - p = 19. List the prime factors of b.
5
Let u = 32884 - -37043. List the prime factors of u.
3, 11, 13, 163
Let w = -527 - 57. Let c = w + 1207. What are the prime factors of c?
7, 89
Suppose -6*h + 3720 = 2*h. Suppose h = 11*p - 6*p. Suppose -p*a + 91*a = -88. What are the prime factors of a?
2, 11
Suppose 0 = -48*n + 1350837 + 258939. What are the prime factors of n?
3, 7, 1597
Suppose 0 = 2*h - 25*h + 46. Suppose 3*q = -d + 240, -11*d - 492 = -13*d - h*q. List the prime factors of d.
3, 83
Let d = 8584 + -2299. List the prime factors of d.
3, 5, 419
Let t(m) = 142*m**2 - 17*m - 54. Let r be t(-6). Suppose 42*q - 45*q = -r. What are the prime factors of q?
2, 5, 43
Let v(d) = 2*d**2 + 4*d + 126. Let t be v(-11). Suppose 4*i + 972 = 4*j - j, i + t = j. List the prime factors of j.
2, 3
Let a(k) = -1203*k - 7893. What are the prime factors of a(-18)?
3, 11, 139
Let x(j) be the second derivative of -19*j**3/6 - 28*j**2 - 12*j. List the prime factors of x(-13).
191
Let n be 2 - ((2 - 9) + 1). Let z(k) be the second derivative of k**4/6 - 11*k**3/6 + 9*k**2 - 22*k + 2. What are the prime factors of z(n)?
2, 29
Let s(g) = 8*g**3 + 14*g**2 - 11*g + 101. Let f(p) = 3*p**3 + 5*p**2 - 4*p + 34. Let l(o) = -11*f(o) + 4*s(o). List the prime factors of l(0).
2, 3, 5
Let t be 15 + -5 - (-1)/(4/(-16)). Suppose -3*q - 4*r = -483, 5*q - t*r + 5*r - 805 = 0. What are the prime factors of q?
7, 23
Suppose 0 = y - 8*y - 392. Let s = -48 - y. Suppose 0 = s*z - 11*z + 285. List the prime factors of z.
5, 19
Suppose 4*a - 42 = -2*a. Let x(j) = j**3 - 6*j**2 - 2*j + 8. Let b be x(a). Suppose b = -3*l + 484. List the prime factors of l.
3, 7
Suppose -41829*p - 36286 = -41830*p. List the prime factors of p.
2, 18143
Let y(g) = 4641*g**2 + 424*g - 7. List the prime factors of y(3).
2, 21517
Let i(a) = -27*a - 23. Let p be i(-1). Suppose 670 = v - 4*t, 0*v + 3*t + 2641 = p*v. List the prime factors of v.
2, 7, 47
Suppose 3*x + 9 = 0, 3*w = 7*w + 4*x - 940. Let n(k) = -28*k**2 + 1. Let m be n(-2). Let h = w + m. List the prime factors of h.
127
Let p be 45210/18 + (2 - (-15)/(-9)). Let t = p - 1741. List the prime factors of t.
3, 257
Suppose -y = -1 - 7. Suppose 0 = -y*n - 124 + 508. What are the prime factors of n?
2, 3
Let t = 4110 - -8669. What are the prime factors of t?
13, 983
Suppose 3373 = 5*q + 4*l, q + 2*l + 683 = 2*q. Let c be 4/16*-2*(1 - q). Let s = c - 228. What are the prime factors of s?
2, 5, 11
Let g(r) = -154*r - 41. Let l(m) = -155*m - 43. Let x(y) = 3*g(y) - 2*l(y). List the prime factors of x(-1).
5, 23
List the prime factors of (9600 + -1 + 10)*(-2)/(-2).
3, 3203
Let z(y) = -y - 12. Let t be z(-19). Suppose -475 = -t*l + 365. What are the prime factors of l?
2, 3, 5
List the prime factors of 3/((-120)/(-490150)) + (-3)/(-12).
2, 11, 557
Let f be ((-20)/14)/((-2)/56*4). Suppose -4*q = 3*j - 193, -q = -5*j + f - 41. List the prime factors of q.
2, 23
Let s = 48780 - 10704. What are the prime factors of s?
2, 3, 19, 167
Let g(u) = -8*u + 21. Let c be g(-8). Suppose 2*i - 3*i + c = 0. Suppose -2 - i = -3*p. List the prime factors of p.
29
Suppose -827*q + 845*q - 89340 = 170040. List the prime factors of q.
2, 5, 11, 131
Let v(k) = -8 - 1 - 3*k - 768*k**3 + 2*k**2 + 4. List the prime factors of v(-1).
2, 3
Let z(g) = -g**3 + 12*g**2 + 11*g - 15. Suppose 9*m - 53 = 37. List the prime factors of z(m).
5, 59
Suppose 2*u = -6, 13*r - 2*u + 14376 = 15*r. List the prime factors of r.
3, 17, 47
Let o = -20414 + 31175. List the prime factors of o.
3, 17, 211
Suppose 30*k - 186932 = -52536 + 239914. List the prime factors of k.
3, 4159
Let k(o) = o**3 + 48*o**2 + 104*o + 544. Let f be k(-46). Let h be -1*(2 + -4 - -1). What are the prime factors of (10 + f)/(h/91)?
2, 7, 13
What are the prime factors of (-95)/(-8*18/43488)?
2, 5, 19, 151
Let t(n) = 4*n**2 - 130*n - 1122. List the prime factors of t(-49).
2, 47, 79
Suppose 4*m + 18*y - 15*y = 77532, 5*y = -20. What are the prime factors of m?
2, 3, 359
What are the prime factors of (20/8)/(960/12753024)?
33211
Let c = -1319 + 1952. What are the prime factors of c?
3, 211
What are the prime factors of 3201/33*(-1 - -62)?
61, 97
Suppose -2747218 = -261*b - 137479. List the prime factors of b.
3, 11, 101
Suppose -5*p - 128 = -148. Suppose -2*l = 10*u - 6*u - 2570, p*l + 4*u = 5152. List the prime factors of l.
1291
Suppose 0 = 551*p - 546*p - 35. Suppose p*r = 15*r - 1536. What are the prime factors of r?
2, 3
Suppose -a = 2*l + 16, a + 2*l = -l - 19. Let t = a + -132. Let b = 32 - t. List the prime factors of b.
2, 3, 29
Let s = -3965 - -26870. What are the prime factors of s?
3, 5, 509
Let u = 35376 + 17477. List the prime factors of u.
17, 3109
Let s = -25 - -27. Suppose s*v + 114 - 32 = 0. Let d = v - -120. What are the prime factors of d?
79
Suppose -4*q = -2*h - 142, 4*q = -4*h - 385 + 77. Let g = h - -69. What are the prime factors of (507/g - 5)*-2?
179
Suppose -5*b - 2*f + 149 = 455, -4*b - 254 = -3*f. Let h = 18 - 37. Let s = h - b. List the prime factors of s.
43
Let d(y) = 64*y**3 - 6*y**2 - 42*y + 120. What are the prime factors of d(6)?
2, 3, 1123
Let i(p) be the third derivative of p**4/4 + 5*p**3/3 - 6*p**2 - 3*p. Let m(a) = a**3 - 5*a**2 + 2*a + 3. Let t be m(5). What are the prime factors of i(t)?
2, 11
Let p be (-24)/18*(-6)/2. Suppose -5*h + p*d - 819 = 0, h - 5*d + 166 = -2*d. Let l = -71 - h. What are the prime factors of l?
2, 23
Let c = 11785 + -5404. List the prime factors of c.
3, 709
Suppose 17 = -2*l + 3, 156500 = 5*a + 5*l. What are the prime factors of a?
31307
Suppose -407*m - 50*m + 781741 = -5962665. What are the prime factors of m?
2, 47, 157
Let w be -1841 + -1 + -35*12/(-84). What are the prime factors of 6/9 - w*(-1)/(-3)?
613
Let j be 2/((6/1)/6). Suppose -67 = -j*a - 5*l + 10, 5*a - 5*l - 245 = 0. What are the prime factors of a?
2, 23
Let b(y) = 275*y - 203. Let q be b(28). Suppose -9*z + q = 774. What are the prime factors of z?
3, 83
Suppose 8*f - 10*f + 5141 = -o, -4*f = 3*o - 10297. Let u = -1577 + f. List the prime factors of u.
5, 199
Suppose 0 = -3*s - 2*m + 6*m + 22, 4*s - 32 = 4*m. Suppose 16*f - 330 = s*f. List the prime factors of f.
5, 11
Let q be ((-7)/(168/16))/(4/(-18)). Suppose -3*v - 5*i = -956, 5*v + q*i - 505 = 1083. List the prime factors of v.
317
Let j(b) = b + 5. Let l be j(-1). Let d(t) = -92*t - 8 + 47*t + 47*t - l*t**3 - 8*t**2. What are the prime factors of 